 = -b**2 + 4*b + 33. Determine s(14).
-107
Let l(d) = -32*d - 616. Give l(-19).
-8
Let x(i) = 4*i**3 - 105*i**2 + 23*i + 92. What is x(26)?
14
Let w(h) = -h**3 + 99*h**2 - 469*h - 86. Determine w(94).
8
Let j(m) = -m + 5. What is j(-6)?
11
Let t(v) = -2*v**2 + 128*v + 682. Determine t(-5).
-8
Let y(k) = 23*k + 366. Determine y(-17).
-25
Let f(x) = -9*x**3 - 15*x**2 - 8*x - 11. What is f(-2)?
17
Let d(y) = -9*y**2 - 5035*y + 2807. Give d(-560).
7
Let g(n) = -127*n - 1839. Calculate g(-19).
574
Let m(o) = -70*o - 7386. What is m(-105)?
-36
Let t(y) = 3*y + 75. Determine t(0).
75
Let m(y) = -43*y + 3390. Give m(82).
-136
Let b(q) = 332*q + 3308. Calculate b(-10).
-12
Let a(x) = -x**2 + 1999*x + 12017. What is a(-6)?
-13
Let m(q) = -19*q + 147. Give m(8).
-5
Let z(i) = -678*i - 6169. Give z(-9).
-67
Let w(f) = 7*f**2 - 348*f + 256. Give w(49).
11
Let x(l) = 2*l**2 - 171*l + 860. Calculate x(80).
-20
Let g(x) = -x**2 - 10*x + 839. Give g(-37).
-160
Let l(p) = 10*p**3 - 183*p**2 + 55*p - 24. Determine l(18).
-6
Let f(w) = -2*w**2 - 173*w - 515. Calculate f(-3).
-14
Let b(d) = d - 19. Calculate b(21).
2
Let g(i) = 2*i**2 - 112*i + 1556. Calculate g(26).
-4
Let z(d) = -d**2 + 41*d - 424. Calculate z(20).
-4
Let f(n) = n**3 - 196*n**2 - 151*n - 9138. Calculate f(197).
-76
Let c(x) = -619*x - 2447. What is c(-4)?
29
Let o(q) = -685*q - 8184. Give o(-12).
36
Let s(a) = a**2 + 3*a - 5. Give s(9).
103
Let n(a) = -a**2 - 52*a - 54. Give n(-51).
-3
Let h(p) = -2*p**3 - 19*p**2 - 45*p - 11. Calculate h(-5).
-11
Let n(q) = -q**2 + 101*q - 857. Calculate n(9).
-29
Let n(b) = 2*b**2 - 223*b + 5956. Calculate n(67).
-7
Let q(x) = -2*x**2 + 32*x + 18. Calculate q(17).
-16
Let b(n) = 283*n + 18. What is b(0)?
18
Let f(k) = -9*k**2 - 105*k - 15. Calculate f(-12).
-51
Let t(b) = -6*b**2 - b - 1. Give t(-1).
-6
Let q(w) = w**3 - 10*w + 272. Determine q(-7).
-1
Let a(b) = 54*b + 5719. Determine a(-104).
103
Let a(n) = -8*n**2 - 82*n + 176. Give a(-12).
8
Let x(z) = -47*z + 116. What is x(5)?
-119
Let g(i) = -2*i**3 + 12*i**2 + 14*i + 4. Calculate g(7).
4
Let r(x) = -17*x - 53. What is r(5)?
-138
Let s(q) = -2*q**3 - 4*q**2 + 35*q + 35. Give s(-5).
10
Let l(g) = -2417*g + 12079. Calculate l(5).
-6
Let l(b) = 5*b**2 + 178*b - 368. What is l(2)?
8
Let r(j) = -j**3 - 20*j**2 - 80*j - 763. Calculate r(-18).
29
Let t(l) = -l**3 - 301*l**2 - 348*l - 14413. Determine t(-300).
-13
Let c(p) = p**2 - 6*p - 58. Give c(10).
-18
Let j(f) = -530*f - 29. Determine j(0).
-29
Let l(f) = -f**2 + 2213*f + 13277. Calculate l(-6).
-37
Let w(l) = l**3 + 61*l**2 - 188*l + 257. Determine w(-64).
1
Let h(l) = l**2 - 392*l - 1953. Give h(-5).
32
Let f(x) = -42*x + 5340. Give f(125).
90
Let m(o) = -4*o**2 - 7*o + 1360. What is m(-19)?
49
Let i(o) = o**3 + 48*o**2 - 208*o + 14. Determine i(-52).
14
Let i(t) = t**3 - 29*t**2 - 36*t + 41. Give i(30).
-139
Let d(t) = t**2 + 33*t - 258. What is d(12)?
282
Let y(p) = 2*p**2 + 26*p - 229. Determine y(6).
-1
Let a(v) = 16*v - 17. Calculate a(1).
-1
Let q(x) = 10*x**2 - 142*x + 507. Calculate q(8).
11
Let b(k) = 17*k - 4. Give b(-2).
-38
Let i(k) = k**3 + 22*k**2 - 43. What is i(-22)?
-43
Let o(q) = -4*q**2 + 233*q + 233. Give o(-1).
-4
Let l(a) = 3*a**3 + 28*a**2 - 17*a + 38. Give l(-10).
8
Let c(w) = -w**3 - 25*w**2 + 35*w + 129. What is c(-26)?
-105
Let z(w) = -w**2 - 20*w - 95. Determine z(-9).
4
Let r(q) = -24*q - 832. Calculate r(-33).
-40
Let u(z) = -z**3 - 78*z**2 - 147*z + 372. Give u(-76).
-8
Let y(g) = -g**3 - 25*g**2 - 96*g + 81. What is y(-20)?
1
Let a(u) = 2*u**3 - 156*u**2 + 156*u - 150. Give a(77).
4
Let c(u) = 2145*u - 30031. What is c(14)?
-1
Let s(a) = -a**3 - 3*a**2 + 18*a - 9. Calculate s(-6).
-9
Let b(r) = -37*r - 414. What is b(-10)?
-44
Let i(b) = -b**2 + 12*b + 214. Calculate i(25).
-111
Let y(d) = -5*d**2 - 27*d + 59. What is y(-8)?
-45
Let y(j) = -j**3 + 4*j**2 - 25*j + 80. Determine y(3).
14
Let l(s) = -52*s - 181. Determine l(-3).
-25
Let l(d) = 7*d**2 - 438*d - 191. Give l(63).
-2
Let w(t) = 116*t - 232. Calculate w(2).
0
Let u(w) = -w**3 - 86*w**2 + 188*w + 1049. What is u(-88)?
-7
Let w(x) = 5*x**2 - 73*x + 147. Give w(12).
-9
Let p(s) = 89*s - 925. Determine p(10).
-35
Let f(j) = 5*j**2 + 88*j + 190. Determine f(-15).
-5
Let v(u) = u**2 + 11*u - 35. Give v(-14).
7
Let t(n) = -11*n - 148. Calculate t(-19).
61
Let i(v) = v**2 - 36*v + 124. What is i(32)?
-4
Let p(j) = 570*j - 7973. Calculate p(14).
7
Let y(g) = -g**3 + 14*g**2 + 7*g - 22. Give y(14).
76
Let a(t) = -533*t**2 + 38*t + 1. Determine a(1).
-494
Let b(r) = -r**3 - 16*r**2 - 41*r - 667. What is b(-16)?
-11
Let f(b) = -17*b**2 - 10*b. What is f(6)?
-672
Let g(r) = r**2 + 3*r - 10. What is g(3)?
8
Let k(t) = 973*t - 10706. Calculate k(11).
-3
Let c(x) = 621*x + 193139. What is c(-311)?
8
Let x(i) = i**3 + 31*i**2 - 67*i - 92. Determine x(-33).
-59
Let z(s) = s**3 - 16*s**2 - s + 34. Calculate z(15).
-206
Let n(i) = 22*i**3 - i**2 + 2*i + 3. Give n(-1).
-22
Let v(b) = -2*b**3 + 65*b**2 + 5250*b + 11. What is v(70)?
11
Let a(r) = 2*r**2 - 10*r + 12. What is a(2)?
0
Let y(d) = -d**3 + 22*d**2 + 168*d - 6. Give y(28).
-6
Let n(p) = -p**3 - 14*p**2 - 45*p - 89. Calculate n(-10).
-39
Let v(r) = 99*r + 569. Give v(-6).
-25
Let w(u) = 1299*u - 40250. What is w(31)?
19
Let l(m) = -3*m**2 + 35*m - 122. What is l(10)?
-72
Let r(p) = -177*p - 1798. Give r(-10).
-28
Let j(b) = 14*b**2 + 172*b + 49. Determine j(-12).
1
Let b(v) = 54*v + 12. What is b(-1)?
-42
Let a(b) = -256*b - 41203. Determine a(-161).
13
Let l(j) = -2*j**3 + 19*j**2 - 6*j + 56. Calculate l(10).
-104
Let w(s) = s**3 - 26*s**2 + 135*s + 148. What is w(18)?
-14
Let j(x) = -91*x**2 - 13*x + 3. What is j(1)?
-101
Let w(u) = -2*u**3 + 18*u**2 - 21*u + 56. What is w(8)?
16
Let r(w) = 4*w**3 - 925*w**2 + 235*w - 918. Determine r(231).
6
Let j(g) = -1218*g - 204619. Calculate j(-168).
5
Let t(u) = 193*u + 2696. Give t(-14).
-6
Let t(f) = -7*f**3 - 29*f**2 + 6*f + 53. Calculate t(-4).
13
Let l(x) = 39*x - 209. Calculate l(5).
-14
Let g(w) = -w**2 - 62*w + 3803. Calculate g(-100).
3
Let s(n) = 241*n**3 - 10*n**2 - 15*n - 5. What is s(-1)?
-241
Let k(v) = -34*v**3 + 3*v**2 + 6*v + 4. Give k(-1).
35
Let m(d) = -2091*d - 12540. Calculate m(-6).
6
Let f(m) = 6*m**2 - 22*m + 30. Determine f(7).
170
Let y(h) = -2*h**3 - 49*h**2 - 275*h - 65. What is y(-8)?
23
Let m(c) = c - 23. Determine m(-9).
-32
Let y(i) = -2*i**2 + 75*i - 549. Determine y(27).
18
Let h(n) = -2*n**3 + 31*n**2 - 133*n - 27. Give h(7).
-125
Let y(i) = 8*i**2 - 29*i - 5. Determine y(4).
7
Let t(a) = 16*a**3 + 2*a**2 + 5*a + 4. Give t(-2).
-126
Let c(q) = -9*q**2 - 421*q - 4265. What is c(-32)?
-9
Let m(w) = -12*w**2 - 58*w + 9. What is m(-5)?
-1
Let g(f) = f**3 + 8*f**2 + f - 111. Calculate g(7).
631
Let p(w) = -w**2 - 381*w - 269. What is p(0)?
-269
Let b(j) = 17*j - 296. Give b(16).
-24
Let d(u) = -12*u + 3. Calculate d(2).
-21
Let f(v) = 2*v**3 + 26*v**2 + 77*v + 38. What is f(-9)?
-7
Let o(k) = 59*k - 963. Determine o(16).
-19
Let y(q) = -7*q**2 + 11*q + 232. Give y(-5).
2
Let b(a) = a**3 - 48*a**2 + 44*a + 35. Calculate b(47).
-106
Let s(x) = 4*x**3 - 21*x**2 + 20*x - 14. Determine s(4).
-14
Let m(i) = 324*i**2 - 97*i + 96. What is m(1)?
323
Let b(h) = 2*h**3 - 7*h**2 + 1847*h - 5537. Calculate b(3).
-5
Let x(k) = 4*k + 166. Give x(-29).
50
Let j(h) = -1070*h - 13909. What is j(-13)?
1
Let j(k) = -2*k + 123. Give j(56).
11
Let q(f) = -5*f**2 - 53*f + 56. What is q(-12)?
-28
Let z(g) = g**2 - 26*g + 117. Calculate z(15).
-48
Let i(a) = -2*a**2 + 56*a - 417. Determine i(9).
-75
Let b(y) = -88*y**2 + y. What is b(1)?
-87
Let j(o) = 69*o + 16692. Give j(-242).
-6
Let h(k) = -k**3 + 75*k**2 - 350*k - 58. What is h(70)?
-58
Let f(t) = -2*t**2 - 240*t + 1511. Determine f(6).
-1
Let m(c) = -8*c**3 - 77*c**2 + 88*c - 8. Give m(1).
-5
Let g(n) = -n**2 - 99*n - 2389. Calculate g(-57).
5
Let q(t) = -8*t**3 - 4*t**2 + 37*t + 139. Calculate q(-3).
208
Let g(p) = -59*p - 5614. Give g(-95).
-9
Let k(a) = 55*a**2 - 261*a - 33. Give k(5).
37
Let q(c) = c**2 + 215*c - 5205. What is q(22)?
9
Let h(i) = 2*i**2 + 148*i + 2023. What is h(-56)?
7
Let y(j) = j**2 + 23*j + 42. What is y(-19)?
-34
Let k(u) = 2*u**2 - 62*u + 232. What is k(28)?
64
Let j(y) = -469*y + 2379. Calcu